{"id":19106,"date":"2019-10-29T10:55:32","date_gmt":"2019-10-29T09:55:32","guid":{"rendered":"http:\/\/www.uxban.com\/?post_type=equipo&#038;p=19106"},"modified":"2020-06-26T17:42:23","modified_gmt":"2020-06-26T15:42:23","slug":"guillermo-vidal","status":"publish","type":"equipo","link":"https:\/\/www.uxban.com\/es\/equipo\/guillermo-vidal\/","title":{"rendered":"GUILLERMO VIDAL"},"content":{"rendered":"<p>Co-fundador de UXBAN, Guillermo es un inquieto ciudadano global. Estudi\u00f3 Arquitectura en Argentina y continu\u00f3 con Urbanismo en Holanda; luego ha desarrollado gran parte de su carrera profesional en Espa\u00f1a y Suiza, involucrado en importantes proyectos corporativos y residenciales en m\u00e1s pa\u00edses. Optimista y apasionado de lo urbano, colabora con su experiencia multicultural para reflexionar sobre la ciudad, descubrir y potenciar sus valores y mejorar la calidad de la vivienda.<\/p>\n","protected":false},"featured_media":20555,"parent":0,"template":"","class_list":["post-19106","equipo","type-equipo","status-publish","has-post-thumbnail","hentry"],"acf":{"cargo":"Director de Dise\u00f1o\r\nArquitecto, Msc. Urbanismo","linkedin":"https:\/\/www.linkedin.com\/pub\/guillermo-vidal-egozcue\/10\/875\/939","twitter":"","email":"","ancho":"","posicion":"derecha","posicion_texto":"abajo","nombre":"GUILLERMO","apellido":"VIDAL","foto_a_color_grande":"https:\/\/www.uxban.com\/wp-content\/uploads\/2020\/04\/nosotros-guillermo-02-1.jpg"},"_links":{"self":[{"href":"https:\/\/www.uxban.com\/es\/wp-json\/wp\/v2\/equipo\/19106","targetHints":{"allow":["GET"]}}],"collection":[{"href":"https:\/\/www.uxban.com\/es\/wp-json\/wp\/v2\/equipo"}],"about":[{"href":"https:\/\/www.uxban.com\/es\/wp-json\/wp\/v2\/types\/equipo"}],"wp:featuredmedia":[{"embeddable":true,"href":"https:\/\/www.uxban.com\/es\/wp-json\/wp\/v2\/media\/20555"}],"wp:attachment":[{"href":"https:\/\/www.uxban.com\/es\/wp-json\/wp\/v2\/media?parent=19106"}],"curies":[{"name":"wp","href":"https:\/\/api.w.org\/{rel}","templated":true}]}}

<p>Co-fundador de UXBAN, Guillermo es un inquieto ciudadano global. Estudió Arquitectura en Argentina y continuó con Urbanismo en Holanda; luego ha desarrollado gran parte de su carrera profesional en España y Suiza, involucrado en importantes proyectos corporativos y residenciales en más países. Optimista y apasionado de lo urbano, colabora con su experiencia multicultural para reflexionar sobre la ciudad, descubrir y potenciar sus valores y mejorar la calidad de la vivienda.</p>

Director de Diseño
Arquitecto, Msc. Urbanismo
