{"id":19104,"date":"2019-10-23T10:54:36","date_gmt":"2019-10-23T08:54:36","guid":{"rendered":"http:\/\/www.uxban.com\/?post_type=equipo&#038;p=19104"},"modified":"2020-09-30T11:08:54","modified_gmt":"2020-09-30T09:08:54","slug":"ana-gazquez","status":"publish","type":"equipo","link":"https:\/\/www.uxban.com\/es\/equipo\/ana-gazquez\/","title":{"rendered":"ANA GAZQUEZ"},"content":{"rendered":"<p>Licenciada en Periodismo y Master en Marketing Digital ha desarrollado su carrera dirigiendo departamentos de comunicaci\u00f3n y marketing en editoriales y agencias de publicidad multinacionales. Dise\u00f1ar y ejecutar estrategias de comunicaci\u00f3n es su pasi\u00f3n y dar a conocer las novedades de sus clientes, su objetivo. Estas y otras razones son las que la convierten en la persona responsable de la comunicaci\u00f3n y la RRPP de Uxban.<\/p>\n","protected":false},"featured_media":20561,"parent":0,"template":"","class_list":["post-19104","equipo","type-equipo","status-publish","has-post-thumbnail","hentry"],"acf":{"cargo":"Responsable de Comunicaci\u00f3n\r\nPeriodista","linkedin":"https:\/\/www.linkedin.com\/in\/anagazquez\/","twitter":"","email":"","ancho":"","posicion":"izquierda","posicion_texto":"abajo","nombre":"ANA","apellido":"GAZQUEZ","foto_a_color_grande":"https:\/\/www.uxban.com\/wp-content\/uploads\/2019\/10\/05-nosotros-ana-01.jpg"},"_links":{"self":[{"href":"https:\/\/www.uxban.com\/es\/wp-json\/wp\/v2\/equipo\/19104","targetHints":{"allow":["GET"]}}],"collection":[{"href":"https:\/\/www.uxban.com\/es\/wp-json\/wp\/v2\/equipo"}],"about":[{"href":"https:\/\/www.uxban.com\/es\/wp-json\/wp\/v2\/types\/equipo"}],"wp:featuredmedia":[{"embeddable":true,"href":"https:\/\/www.uxban.com\/es\/wp-json\/wp\/v2\/media\/20561"}],"wp:attachment":[{"href":"https:\/\/www.uxban.com\/es\/wp-json\/wp\/v2\/media?parent=19104"}],"curies":[{"name":"wp","href":"https:\/\/api.w.org\/{rel}","templated":true}]}}

<p>Licenciada en Periodismo y Master en Marketing Digital ha desarrollado su carrera dirigiendo departamentos de comunicación y marketing en editoriales y agencias de publicidad multinacionales. Diseñar y ejecutar estrategias de comunicación es su pasión y dar a conocer las novedades de sus clientes, su objetivo. Estas y otras razones son las que la convierten en la persona responsable de la comunicación y la RRPP de Uxban.</p>

Responsable de Comunicación
Periodista
